0 + 2)))?
-3
Calculate 3 + (5 - 12) + 3 + 4.
3
9 + -9 + (-2 - -9)
7
Evaluate (20 - 11) + 2 + -11.
0
Evaluate -3 - (4 - (-1 - -2)).
-6
-3 - (0 - (3 - -5))
5
What is (2 - (-4 - -3)) + -4 + 5?
4
What is the value of -1 - -3 - (5 + 2)?
-5
-3 + 0 + 5 + (34 - 36)
0
Calculate (-2 - ((3 - 1) + -4)) + 1.
1
Calculate 10 + 2 + -7 - (1 + 1).
3
What is (5 - (3 + -1)) + -5?
-2
What is the value of 5 - (-2 + 6 - (5 + -1))?
5
Evaluate 3 + (-8 - -8) + 9 + -3.
9
(76 - 67) + -4 + (0 - -1)
6
Evaluate 0 - (0 - -4) - 2 - -3.
-3
(1 - (3 + 0)) + -2
-4
2 + 0 + 0 + -5 - -9
6
Evaluate (-79 - -77) + 0 + 9.
7
Calculate 4 + (-1 - -2) + 0.
5
What is 2 + 4 + (-26 - -13)?
-7
Calculate 2 + (-4 + 3 - (-5 + 1)).
5
-2 - ((-3 - -7) + -10)
4
Evaluate 19 + -24 - (1 - (1 + 0)).
-5
Calculate 3 + (-2 - -5) + 4 + -5.
5
What is the value of (-2 - (0 + 3)) + (31 - 29)?
-3
-9 - -6 - (-3 - (-1 - 1))
-2
13 + -8 + 2 + -4
3
Calculate -3 + (2 - 1 - (1 - 1)).
-2
Evaluate -4 + 5 - 8 - -6.
-1
What is -4 + 8 + -2 + -6?
-4
What is the value of -2 + -4 + 23 + -20?
-3
What is the value of 6 + -15 - -4 - -10?
5
What is the value of (0 - -7) + -3 + -3?
1
-18 + 28 - (0 + 3)
7
What is the value of -2 - (-2 - (1 - -2))?
3
Calculate (1 - -6) + -3 - (1 + 0).
3
Evaluate -6 + -7 + 11 + 4 + -2.
0
What is -1 - -1 - (-3 - -6)?
-3
Evaluate 4 + -2 - (-9 - -6).
5
What is the value of -2 + 9 + (0 - 5)?
2
What is (-3 - (1 - -1)) + (1 - -3)?
-1
Calculate 3 + (7 - 5 - (0 - -3)).
2
What is the value of (2 + -4 - -2) + -1 + -4?
-5
Evaluate -11 + -4 + -2 + 9.
-8
-1 - (15 + -4 + (0 - 4))
-8
5 - (1 - (-3 - -2))
3
Calculate (2 + -11 - -6) + 3.
0
What is the value of 3 + ((3 - 5) + 7 - 3)?
5
What is 8 + -14 + 2 - (0 + -3)?
-1
What is the value of -3 + (0 + -7 - -11)?
1
-2 + (-12 + 11 - -11)
8
What is the value of -7 + (2 + 5 - 4)?
-4
What is -10 - (-9 + 0 + 4 + 2)?
-7
What is -16 + 18 + (-4 - (4 - -1))?
-7
What is the value of (-5 - 0) + (9 - 3 - 6)?
-5
What is 1 + 8 + (0 - 7)?
2
What is the value of -4 + 11 + -1 + -2?
4
What is the value of 0 + 0 - (4 - 1)?
-3
Evaluate -16 - (-14 + 1 - 1).
-2
Evaluate (4 - (-2 + 3)) + -1.
2
Evaluate -3 + 19 + -9 - 7.
0
Evaluate -8 - (-6 - (6 + 2)).
6
What is the value of (1 - 3) + 2 - (-3 - -1)?
2
Evaluate 4 - (1 - -1 - (28 - 33)).
-3
Evaluate (-3 - (7 + -4)) + 4.
-2
1 + 1 - 0 - (-1 - -3)
0
Calculate 10 + -3 - (-4 + 9).
2
-11 - (-9 + (2 - -3))
-7
Evaluate 4 - (4 + -1 + -7 + 4).
4
What is the value of 0 - (-2 + 7 + -1 + -2)?
-2
What is the value of (-12 + 21 - (4 + -2)) + -7?
0
Calculate -11 + (8 - 2) + 8.
3
Evaluate 4 + (1 - -1) + -28 + 24.
2
Calculate -5 - (-3 + -4) - (0 + 1).
1
Calculate -7 + (-5 - -13) + 2 + 5.
8
Evaluate 6 - (10 + (-12 - -8)).
0
4 + -6 + 4 + -4
-2
Calculate 8 - 12 - (-3 - 3).
2
What is the value of (3 - -2) + (-23 - -12) + 0?
-6
-5 - (-18 - -6) - (0 + 4)
3
(-2 - -1) + (0 + -2 - -2)
-1
0 + (-5 - -4) + 7
6
2 + (-11 - -8) + 2
1
5 + -1 - (-11 - -18)
-3
Evaluate 5 + -9 + (2 - -2) + 6.
6
What is the value of 31 - 36 - (1 - 7)?
1
Calculate 0 + (1 - (8 - 3)).
-4
Evaluate -4 + (-2 + -3 - -2) - -1.
-6
What is the value of -2 - (14 - (6 - -2))?
-8
What is the value of (-1 - 1) + (-11 - -18) - 1?
4
Calculate 1 + 1 + -7 + (-10 - -13).
-2
Calculate (-10 + 9 - (3 + -10)) + -11.
-5
Calculate -13 - (7 - 12) - -9.
1
Evaluate 1 + -9 + 11 + -3.
0
What is -7 + 9 - -5 - 5?
2
What is 8 + 2 - 6 - -5?
9
What is 4 + -4 + -4 + 4?
0
Evaluate -5 + 0 + 14 + (-15 - -2).
-4
1 + 9 + -5 - (1 - -4)
0
Evaluate (6 - 3) + -4 - (0 + -6).
5
What is -8 - ((-13 - -7) + -7)?
5
What is 4 + 0 - (10 - (-1 + 7))?
0
Evaluate (0 - (1 - -2)) + 2 + 3.
2
-2 - 2 - (-2 - -1)
-3
What is (0 - 3) + 4 - -1 - 3?
-1
Evaluate -4 + 7 + -11 + 8.
0
-1 + 6 + -2 + -6
-3
(32 - 23) + (-1 - 3) + -4
1
Calculate (-2 - (-4 - -2)) + -2 + 7.
5
(-4 - -6 - -4) + -3
3
Calculate -3 - (0 - 6) - 4.
-1
Evaluate 4 + (-4 - (2 + -7)).
5
Calculate 8 - ((0 - -4) + -3 + 8).
-1
What is (6 - 7) + 1 + -1?
-1
What is the value of 0 + (1 - 0) + (-17 - -11)?
-5
Calculate (-11 - (1 + -7)) + 5 + -1.
-1
What is (-8 - -3) + 6 - (1 + -3)?
3
What is the value of -2 + 5 + (-1 - (5 + -5))?
2
What is (6 - 2) + 8 + -9?
3
-4 - (1 - 0) - (10 - 12)
-3
What is the value of 2 + 0 + 3 + -10?
-5
Evaluate -8 - (5 - 13 - -2 - -2).
-4
Evaluate 1 + (8 - (-3 + 5)) - 2.
5
What is (1 - -4) + (0 - -10) + -8?
7
Evaluate -7 - 2 - (-2 - 2).
-5
What is the value of 2 - (1 + -1 + (-5 - -9))?
-2
Evaluate -1 - 6 - (7 + -10).
-4
What is -3 - (-10 + 0 + 18)?
-11
Calculate (9 - 12) + 4 + 1.
2
Evaluate 53 + -59 + (3 - 1).
-4
-7 + (12 + -9 - -4)
0
(-3 - -13 - 24) + (-2 - -7)
-9
What is -7 - ((-11 - 8) + 5)?
7
Calculate (-7 - 10) + 11 + -4 + 2.
-8
Calculate (38 - 37) + -3 + (1 - 1).
-2
-4 + -4 + 1 + 12
5
Calculate -1 + (-9 - (6 + -12)).
-4
Evaluate 3 - (-2 - (-5 + -1)) - 3.
-4
7 - (-3 - (-11 - -3)) - -2
4
Calculate -2 + 2 + 119 + -126.
-7
Calculate -4 + 0 + (10 - (16 - 8)).
-2
What is 39 - 32 - (13 - 0)?
-6
Calculate -15 - (-12 + (-3 - -8) - 0).
-8
Calculate 3 + 2 + -3 + 2.
4
What is 4 + -9 + 4 + (4 - 3)?
0
Evaluate 1 - 0 - (-9 + 15).
-5
What is 1 + 7 - 0 - (5 + 2)?
1
Calculate -6 - ((-3 - -5) + -6).
-2
What is 2 - 2 - (0 + -1 - -2)?
-1
Evaluate (2 - -2 - 1) + 1 + -6.
-2
What is the value of (2 - 2) + 0 + -1?
-1
Calculate 13 + (2 - (11 - 0)).
4
1 + (6 + 0 - 10)
-3
-9 + 0 + 13 + (1 - 6)
-1
Evaluate (-9 + 0 - -2) + (-4 - -5).
-6
What is (0 - 3) + 9 - 1?
5
Calculate -3 + (2 - ((2 - 1) + 2)).
-4
What is the value of 2 + (5 - (-5 - -11)) - 1?
0
What is the value of -23 + 18 + (0 - -3)?
-2
Evaluate 1 - 9 - (28 - 39).
3
Calculate 12 - 15 - (3 - 2 - 10).
6
1 + -1 - (0 + 0)
0
(-2 - (-1 - 5)) + -4 + -5
-5
Evaluate 0 - (-6 + 6 - (-1 + 5)).
4
Calculate -56 - -52 - (2 - 5 - 2).
1
What is (1 - 4) + 5 + (9 - 7)?
4
Evaluate -3 + 0 + (4 - 2) - 0.
-1
What is 2 - (0 + -3 + 3 - -3)?
-1
-1 + -2 + 12 - (6 + -1)
4
Evaluate (-1 + 2 - 9) + 23 + -19.
-4
Evaluate -4 - (11 + -14 + -2).
1
What is -2 + 10 + -9 + -2?
-3
Evaluate 2 + -6 + (-4 - -7).
-1
What is the value of -3 + -4 + (14 - 12)?
-5
(8 - 4 - -8) + -10
2
What is -3 + (4 - (-1 - (2 + 0)))?
4
Evaluate 11 - (13 + 11) - -20.
7
-6 - ((5 - (2 - -14)) + -3)
8
What is 0 + (5 - (3 + -1))?
3
Calculate 2 - (12 - (5 - 3)).
-8
2 - 10 - (12 - 20)
0
Evaluate 11 + -7 + (3 - 5).
2
Calculate (-9 + 1 - 0) + 3.
-5
What is -7 - (-5 + 7 + -5)?
-4
2 + (3 - (-10 - -23))
-8
Evaluate 1 + (0 - -2) + 153 + -158.
-2
What is 10 + (-13 - (4 + 0))?
-7
Calculate -4 + -2 - (6 + -11).
-1
2 + (-6 + 9 - (7 - 1))
-1
What is -2 - (6 - 5 - (3 + -4))?
-4
Calculate 1 - 1 - (-5 - -9).
-4
What is -7 + -7 + 6 + 8?
0
Calculate (27 - 24) + (1 - 6).
-2
What is 0 + 3 + 3 + -4 + 0?
2
-4 + (4 - 7) + 4
-3
What is 4 + 1 + (-39 - -12 - -19)?
-3
What is -56 + 62 + 1 + -1 + -4?
2
What is -1 + 2 + -3 + (-2 - -3)?
-1
Evaluate 12 - (-2 + 7 + 2).
5
Evaluate 91 + -88 + (0 - -1).
4
Calculate -5 + 1 + 3 - (-7 - 1).
7
What is (8 - 3) + -6 + 2 + 1?
2
-7 - (2 - 2) - -7
0
(28 - 32) + 1 + -2 - -3
-2
Calculate 2 + (1 - (4 + -3)).
2
Calculate 14 - 12 - (-1 - 0 - 2).
5
Calculate 2 - 0 - (6 + -8 + 5).
-1
What is 6 + (-14 - -7 - 0)?
-1
What is the value of -10 + 0 - (36 - 53)?
7
Evaluate -1 + (0 - 1) - (27 - 29).
0
What is the value of 1 + (3 - (9 + -4))?
-1
What is the value of 2 + (-2 - (-1 - 0)) + -8?
-7
0 + (1 - 3 - 0 - -1)
-1
Evaluate -5 + 11 + -4 + 3.
5
Evaluate (1 - -2) + (3 - -2) - 2.
6
(6 - 2) + -2 + 4 + -6
0
Calculate (-1 - 1) + -2 + 15 + -4.
7
Calculate -3 + (0 - (-1 - (6 - 3))).
1
2 + -7 - -4 - (-7 - -3)
3
What is the value of 2 + 0 + (-11 - -11)?
2
What is -1 - -6 - (42 - 29)?
-8
Evaluate -3 + 0 + (11 - 1) + -4.
3
What is (7 - 1) + (16 - (5 + 13))?
4
Evaluate (-4 + -2 - -1) + -39 + 37.
-7
What is 4 + (5 + -3 + -7 - -3)?
2
Evaluate 2 + -1 - (-10 + 12 - 2).
1
What is (5 - 4) + -3 - -2 - 1?
-1
2 - (1 - (3 - -2 - 1))
5
What is the value of -58 + 57 + (2 - (-4 + 2))?
3
Evaluate -2 + 0 - (72 - 68).
-6
0 + 13 - -1 - 9
5
What is 2 - 3 - (-17 + 12)?
4
Calculate -2 + (6 + -2 - 2).
0
What is the value of -1 - (2 - (-4 + 9))?
2
(-1 - -1) + 0 + 2 + 1
3
Calculate 3 - (8 - 6) - 6.
-5
-6 - -2 - (19 - 18)
-5
What is the value of 2 + 1 + 2 - 5?
0
What is -6 + -6 + 5 + 3?
-4
Evaluate 0 - 1 - (2 + -5 + -1).
3
Calculate 6 + -3 + (-8 - (-5 - -2)).
-2
What is 5 - 15 - (3 + -8)?
-5
What is (-7 - -5) + 3 + (1 - -2)?
4
Calculate -3 + (5 + -3 - (-5 